2*q, 47 = 4*n + 3*q. Suppose 4 + 3 = 3*r - f, 0 = -4*r + f + 8. Calculate the greatest common divisor of r and n.
1
Let g be 12*((-3)/(-21))/(4/14). Calculate the highest common factor of 42 and g.
6
Suppose 246 = 3*r - 12. Suppose 112 = 2*a - r. What is the highest common factor of a and 9?
9
Let j = 173 - 165. What is the highest common factor of j and 88?
8
Let w be 1431/15 - (-12)/(-30). Suppose 3*l - 4 = w. Calculate the greatest common factor of l and 99.
33
Suppose 27 - 7 = -4*l, 2*l + 2 = -4*n. Let v be (n - -2)*1/2. Let o be 207/6 - 1/v. Calculate the highest common divisor of o and 51.
17
Let x be -1*(-27 - (-12)/3). What is the greatest common factor of x and 115?
23
Let r = -201 - -293. Suppose -3*q = q - r. Calculate the greatest common factor of 161 and q.
23
Let z be 12/4*(-80)/(-12). Let v = 121 - 71. Calculate the highest common factor of z and v.
10
Let j be 238/10 + 1/5. Suppose 12 = -2*q + 42. Let d be q + -1 - (4 - 2). Calculate the highest common divisor of d and j.
12
Suppose -3*m = -48 - 12. Let i(d) = 12*d**2 + 2. Let z be i(-2). Calculate the highest common factor of z and m.
10
Suppose 4*p = -5*n + 1, -n = -3*p - 3 - 1. Let y(u) = n + 7*u + 7*u - 4*u. Let m be y(1). What is the highest common divisor of 11 and m?
11
Let j = -9 + 177. What is the greatest common divisor of 24 and j?
24
Let n be (-4 + 5)/(-2*(-2)/40). Suppose -5*d = -w - 2*w - 241, 2*w = 6. Calculate the highest common factor of d and n.
10
Let y(b) be the third derivative of -b**4/6 - 11*b**3/6 + 7*b**2. Suppose 3*i - 27 = 6*i. Let u be y(i). What is the highest common factor of u and 50?
25
Let x = 7 - 2. Let k be 8 - (4 + (3 - x)). Let f(p) = p**2 - p. Let g be f(-2). Calculate the greatest common factor of g and k.
6
Suppose 2*c + 0*c = 4*f - 178, -111 = -3*f - 3*c. What is the greatest common divisor of 63 and f?
21
Suppose 0 = -2*l + 3*l - 132. Calculate the highest common factor of 12 and l.
12
Suppose i - 5*i = 2*t - 18, 5*i - 5*t = 15. Suppose 0 = -i*l - 2*h, 3*h + 2 = -3*l - 1. What is the greatest common factor of 1 and l?
1
Let i(k) = -k**2 + 9*k - 6. Let x be i(8). Suppose 0 = 4*p - x*p - 24. What is the greatest common factor of p and 24?
12
Suppose 5*b - 8 = 17. Suppose -b*i + 385 - 110 = 0. What is the greatest common factor of 11 and i?
11
Suppose 4*f = -4*d - 8, 0 = 3*d - 3*f + 6 + 6. Let r be ((-75)/2)/(d/6). What is the highest common divisor of 15 and r?
15
Suppose 166 - 26 = 5*d. Calculate the greatest common factor of 70 and d.
14
Let u be (-4*(-3)/(-15))/((-2)/35). Let l be (-94)/(-14) + (-2)/(-7). What is the greatest common divisor of u and l?
7
Let i be (-9680)/(-35) + 3/7. Suppose 4*j - 103 = i. What is the greatest common divisor of j and 19?
19
Let p = -1 - -6. What is the highest common divisor of p and 40?
5
Let s(i) = 91*i**3 + i**2 - 3*i + 1. Let z be s(1). What is the highest common divisor of z and 10?
10
Let w(b) = -17*b**3 + b**2 - 3*b - 2. Suppose 4*m - 4 = -0*m, -2*t - m = 3. Let g be w(t). What is the highest common divisor of 24 and g?
24
Let o be (10 - 13)*(-5 - 1). What is the highest common factor of 27 and o?
9
Let i(n) = 2*n**2 - 5*n + 3. Let c be i(5). Suppose -c = -2*t + 68. Let h(b) = b + 4. Let r be h(8). Calculate the highest common divisor of t and r.
12
Let f(u) = 4*u + 4. Let g be f(9). Calculate the greatest common divisor of 8 and g.
8
Let i(p) = -p**3 + 7*p**2 - 5*p + 5. Let y be i(6). Calculate the highest common factor of y and 22.
11
Suppose 31 = -3*z + 85. Suppose -z = -2*v - v. What is the highest common divisor of 2 and v?
2
Suppose 4*d - 3*d - 13 = 0. Let n(a) = 3*a + 3 + 2*a + 14*a**2 - a. Let b be n(-3). What is the greatest common divisor of b and d?
13
Let c = -54 + 78. Suppose -4*m = -0*m - 4*b - 32, -3*b - 36 = -4*m. Calculate the highest common factor of c and m.
12
Suppose 0 = 5*q - z + 3*z - 81, -3*z + 45 = 3*q. Let v = 55 + q. What is the highest common divisor of 8 and v?
8
Let d be 200/18 + 1/(-9). What is the highest common factor of d and 363?
11
Let c be (-8964)/(-66) + (-4)/(-22). Let z(u) = 15*u - 1. Let f be z(-1). Let v = 33 + f. What is the greatest common divisor of v and c?
17
Suppose 3*y + 0 = -g - 1, 4*y = -2*g + 2. Let b(q) = q**2 - 8*q**3 - 4 + 2 - 2*q**2 - q**3. Let k be b(y). What is the greatest common divisor of k and 6?
6
Let z(x) = 8*x**3 + x**2 - x + 1. Let d be z(1). What is the highest common factor of d and 99?
9
Suppose -4*b + 0*b + 20 = 0. Calculate the highest common factor of 1 and b.
1
Suppose 0 = d - 8*d + 35. What is the highest common factor of d and 20?
5
Let f(d) = -d**2 + 8*d - 7. Let s = 4 - 2. Suppose -s + 7 = k. Let v be f(k). Calculate the greatest common factor of 4 and v.
4
Suppose 0 = -3*d + 15, -4*f + d + 1511 = -4*d. Let q = 555 - f. Calculate the highest common factor of 19 and q.
19
Let x be (-117)/(-5) - (-6)/10. What is the highest common factor of x and 72?
24
Suppose 21 - 769 = -4*z. What is the greatest common factor of 17 and z?
17
Let w = 69 - -52. What is the highest common divisor of 11 and w?
11
Let t(v) = v - 4. Let z be t(5). Let m = 41 + z. What is the greatest common divisor of 14 and m?
14
Let m(q) = 134*q**2 + 1. Let k be m(1). Suppose 3*b = -2*b + 135. What is the highest common factor of k and b?
27
Suppose -4*w = 2*y - 108, -3*w - 5*y + 88 = -0*w. What is the greatest common divisor of 2 and w?
2
Suppose 0*d = 2*d - 8. Let j(q) = 3 - 5 - q**2 - q**3 + 20 + d. Let y be j(0). What is the greatest common factor of 33 and y?
11
Let f(i) = 2*i**2 + 6*i + 9. Let w be f(-6). Calculate the greatest common divisor of w and 5.
5
Suppose p = c + 53, -121 = -2*p - 3*c - 10. Calculate the highest common divisor of 6 and p.
6
Let b = 89 - 47. Calculate the greatest common divisor of b and 6.
6
Let x(j) = j**2 + 2*j. Let l be x(-3). Let g(w) = -w**2 + 5*w - 4. Let z be g(l). What is the highest common divisor of 2 and z?
2
Let p(o) = -o**2 + 4*o + 3. Let t be p(4). Suppose 0*i + 5*s + 10 = -i, t*i - 4*s - 46 = 0. What is the greatest common factor of i and 70?
10
Let d(p) = p**3 + p**2 - p + 1. Let q be d(-2). Let h be 1 + 90 - (q - -1). Let n be (1 - 0)*(-7 - -20). What is the greatest common divisor of h and n?
13
Suppose -7*g + 6*g = -12. Suppose z + 4*j = -2, 4*z - 3*j = -8*j + 14. Calculate the highest common divisor of g and z.
6
Let u(j) = j**3 - 16*j**2 + 10*j - 6. Let v be u(16). What is the greatest common divisor of v and 14?
14
Let n(v) = 7*v**3 - v**2 - 4. Let b be n(2). What is the greatest common factor of 12 and b?
12
Let m be (2 + -2 - -2) + (-10)/(-1). Suppose 2*t - 2*d + 328 = 5*t, 2 = d. Calculate the highest common divisor of t and m.
12
Let t = -26 - -24. Let i be (t/((-8)/12))/1. Calculate the greatest common factor of i and 2.
1
Let b(t) = -t**2 - 7*t + 1. Let j be b(-4). What is the highest common divisor of j and 39?
13
Let y(l) = -l**3 - 9*l**2 - 11*l - 8. Let s be y(-8). Let k = s + -8. Calculate the greatest common factor of k and 4.
4
Suppose -a + 2*a - w - 149 = 0, 2*a + w - 313 = 0. What is the highest common divisor of a and 14?
14
Suppose -6*f = -8*f + 12. Let o(m) = m + 3. Let h be o(0). Let k be 18 + (h - f) + -2. What is the greatest common divisor of 143 and k?
13
Let x be ((-19)/3)/(7/(-21)). What is the highest common divisor of x and 57?
19
Let f(c) = -2*c + 14. Let v be f(-14). Suppose 2*d - 30 = -3*d. What is the highest common factor of d and v?
6
Let n be 4*-1*5/4. Let z(x) = x**2 - 2. Let l be z(n). Calculate the highest common divisor of l and 23.
23
Let o = 18 - 13. Suppose o*g = -2 + 7. Let j = -13 - -18. What is the highest common factor of g and j?
1
Let g(o) = -2*o + 6. Let q be g(12). Let a = -5 - q. Calculate the greatest common divisor of 117 and a.
13
Let d(n) be the first derivative of n**4/4 + n**2 - n - 4. Let u be d(2). What is the greatest common factor of u and 88?
11
Suppose 10*k = 9 + 1. What is the highest common factor of k and 11?
1
Let p = -11 - -18. Suppose -3*r = -p*r - 2*a + 24, -11 = -3*r - 5*a. Let z(g) = 11*g + 4. Let i be z(r). Calculate the highest common divisor of i and 9.
9
Let z(d) = 2*d**3 - 4*d + 3. Let c be z(2). Let s = 17 - c. Suppose -o = -4*n + 21, n + 4*o - 18 = -0*n. Calculate the greatest common factor of s and n.
6
Suppose 4*j = x + 